[INFO] fetching crate hash-roll 0.3.0...
[INFO] checking hash-roll-0.3.0 against try#72f88fc4e9458f89516a0b8b0868f3718aec5b47 for pr-74989
[INFO] extracting crate hash-roll 0.3.0 into /workspace/builds/worker-6/source
[INFO] validating manifest of crates.io crate hash-roll 0.3.0 on toolchain 72f88fc4e9458f89516a0b8b0868f3718aec5b47
[INFO] running `Command { std: "/workspace/cargo-home/bin/cargo" "+72f88fc4e9458f89516a0b8b0868f3718aec5b47" "read-manifest" "--manifest-path" "Cargo.toml", kill_on_drop: false }`
[INFO] started tweaking crates.io crate hash-roll 0.3.0
[INFO] finished tweaking crates.io crate hash-roll 0.3.0
[INFO] tweaked toml for crates.io crate hash-roll 0.3.0 written to /workspace/builds/worker-6/source/Cargo.toml
[INFO] crate crates.io crate hash-roll 0.3.0 already has a lockfile, it will not be regenerated
[INFO] running `Command { std: "/workspace/cargo-home/bin/cargo" "+72f88fc4e9458f89516a0b8b0868f3718aec5b47" "fetch" "--locked" "--manifest-path" "Cargo.toml", kill_on_drop: false }`
[INFO] [stderr]  Downloading crates ...
[INFO] [stderr]   Downloaded rand_xorshift v0.2.0
[INFO] [stderr]   Downloaded rusty-fork v0.3.0
[INFO] [stderr]   Downloaded proptest v0.10.0
[INFO] [stderr]   Downloaded fmt-extra v0.2.1
[INFO] [stderr]   Downloaded rollsum v0.2.1
[INFO] running `Command { std: "docker" "create" "-v" "/var/lib/crater-agent-workspace/builds/worker-6/target:/opt/rustwide/target:rw,Z" "-v" "/var/lib/crater-agent-workspace/builds/worker-6/source:/opt/rustwide/workdir:ro,Z" "-v" "/var/lib/crater-agent-workspace/cargo-home:/opt/rustwide/cargo-home:ro,Z" "-v" "/var/lib/crater-agent-workspace/rustup-home:/opt/rustwide/rustup-home:ro,Z" "-e" "SOURCE_DIR=/opt/rustwide/workdir" "-e" "CARGO_TARGET_DIR=/opt/rustwide/target" "-e" "CARGO_HOME=/opt/rustwide/cargo-home" "-e" "RUSTUP_HOME=/opt/rustwide/rustup-home" "-w" "/opt/rustwide/workdir" "-m" "1610612736" "--user" "0:0" "--network" "none" "rustops/crates-build-env@sha256:d92eaeed33fa75130ca1ee6c8a01d1ffb62bac859dfdfb3450e3e5d1c0146529" "/opt/rustwide/cargo-home/bin/cargo" "+72f88fc4e9458f89516a0b8b0868f3718aec5b47" "metadata" "--no-deps" "--format-version=1", kill_on_drop: false }`
[INFO] [stderr] WARNING: Your kernel does not support swap limit capabilities or the cgroup is not mounted. Memory limited without swap.
[INFO] [stdout] b5bd578466831cef60e07c13d62e29965a1b041fba6d9d3e02d30c70bac999b0
[INFO] running `Command { std: "docker" "start" "-a" "b5bd578466831cef60e07c13d62e29965a1b041fba6d9d3e02d30c70bac999b0", kill_on_drop: false }`
[INFO] running `Command { std: "docker" "inspect" "b5bd578466831cef60e07c13d62e29965a1b041fba6d9d3e02d30c70bac999b0", kill_on_drop: false }`
[INFO] running `Command { std: "docker" "rm" "-f" "b5bd578466831cef60e07c13d62e29965a1b041fba6d9d3e02d30c70bac999b0", kill_on_drop: false }`
[INFO] [stdout] b5bd578466831cef60e07c13d62e29965a1b041fba6d9d3e02d30c70bac999b0
[INFO] running `Command { std: "docker" "create" "-v" "/var/lib/crater-agent-workspace/builds/worker-6/target:/opt/rustwide/target:rw,Z" "-v" "/var/lib/crater-agent-workspace/builds/worker-6/source:/opt/rustwide/workdir:ro,Z" "-v" "/var/lib/crater-agent-workspace/cargo-home:/opt/rustwide/cargo-home:ro,Z" "-v" "/var/lib/crater-agent-workspace/rustup-home:/opt/rustwide/rustup-home:ro,Z" "-e" "SOURCE_DIR=/opt/rustwide/workdir" "-e" "CARGO_TARGET_DIR=/opt/rustwide/target" "-e" "CARGO_INCREMENTAL=0" "-e" "RUST_BACKTRACE=full" "-e" "RUSTFLAGS=--cap-lints=forbid" "-e" "CARGO_HOME=/opt/rustwide/cargo-home" "-e" "RUSTUP_HOME=/opt/rustwide/rustup-home" "-w" "/opt/rustwide/workdir" "-m" "1610612736" "--user" "0:0" "--network" "none" "rustops/crates-build-env@sha256:d92eaeed33fa75130ca1ee6c8a01d1ffb62bac859dfdfb3450e3e5d1c0146529" "/opt/rustwide/cargo-home/bin/cargo" "+72f88fc4e9458f89516a0b8b0868f3718aec5b47" "check" "--frozen" "--all" "--all-targets" "--message-format=json", kill_on_drop: false }`
[INFO] [stdout] cddf593cfde6c78f7556138236411f5687fcf81f15bcf000d397a62500ca2f4f
[INFO] [stderr] WARNING: Your kernel does not support swap limit capabilities or the cgroup is not mounted. Memory limited without swap.
[INFO] running `Command { std: "docker" "start" "-a" "cddf593cfde6c78f7556138236411f5687fcf81f15bcf000d397a62500ca2f4f", kill_on_drop: false }`
[INFO] [stderr]     Checking cfg-if v0.1.10
[INFO] [stderr]     Checking lazy_static v1.4.0
[INFO] [stderr]    Compiling memchr v2.3.3
[INFO] [stderr]    Compiling serde v1.0.114
[INFO] [stderr]    Compiling byteorder v1.3.4
[INFO] [stderr]    Compiling proc-macro2 v1.0.19
[INFO] [stderr]    Compiling bitflags v1.2.1
[INFO] [stderr]     Checking regex-syntax v0.6.18
[INFO] [stderr]    Compiling log v0.4.11
[INFO] [stderr]    Compiling serde_derive v1.0.114
[INFO] [stderr]     Checking unicode-width v0.1.8
[INFO] [stderr]     Checking same-file v1.0.6
[INFO] [stderr]     Checking quick-error v1.2.3
[INFO] [stderr]     Checking half v1.6.0
[INFO] [stderr]     Checking fmt-extra v0.2.1
[INFO] [stderr]     Checking oorandom v11.1.2
[INFO] [stderr]     Checking histogram v0.6.9
[INFO] [stderr]     Checking rollsum v0.2.1
[INFO] [stderr]    Compiling crossbeam-utils v0.7.2
[INFO] [stderr]    Compiling memoffset v0.5.5
[INFO] [stderr]    Compiling crossbeam-epoch v0.8.2
[INFO] [stderr]    Compiling rayon v1.3.1
[INFO] [stderr]     Checking thread_local v1.0.1
[INFO] [stderr]     Checking textwrap v0.11.0
[INFO] [stderr]     Checking walkdir v2.3.1
[INFO] [stderr]     Checking hash-roll v0.3.0 (/opt/rustwide/workdir)
[INFO] [stderr]     Checking getrandom v0.1.14
[INFO] [stderr]     Checking num_cpus v1.13.0
[INFO] [stderr]     Checking wait-timeout v0.2.0
[INFO] [stderr]    Compiling cast v0.2.3
[INFO] [stderr]     Checking plotters v0.2.15
[INFO] [stderr]     Checking rand_core v0.5.1
[INFO] [stderr]     Checking aho-corasick v0.7.13
[INFO] [stderr]     Checking csv-core v0.1.10
[INFO] [stderr]     Checking clap v2.33.1
[INFO] [stderr]     Checking rand_chacha v0.2.2
[INFO] [stderr]     Checking rand_xorshift v0.2.0
[INFO] [stderr]     Checking rand_pcg v0.2.1
[INFO] [stderr]     Checking regex-automata v0.1.9
[INFO] [stderr]     Checking criterion-plot v0.4.3
[INFO] [stderr]     Checking rand v0.7.3
[INFO] [stderr]     Checking crossbeam-queue v0.2.3
[INFO] [stderr]    Compiling quote v1.0.7
[INFO] [stderr]    Compiling syn v1.0.38
[INFO] [stderr]     Checking crossbeam-deque v0.7.3
[INFO] [stderr]     Checking rayon-core v1.7.1
[INFO] [stderr]     Checking regex v1.3.9
[INFO] [stderr]     Checking tempfile v3.1.0
[INFO] [stderr]     Checking rusty-fork v0.3.0
[INFO] [stderr]     Checking proptest v0.10.0
[INFO] [stderr]     Checking env_logger v0.7.1
[INFO] [stderr]     Checking quickcheck v0.9.2
[INFO] [stderr]     Checking serde_json v1.0.57
[INFO] [stderr]     Checking bstr v0.2.13
[INFO] [stderr]     Checking serde_cbor v0.11.1
[INFO] [stderr]     Checking csv v1.1.3
[INFO] [stderr]     Checking tinytemplate v1.1.0
[INFO] [stderr]     Checking criterion v0.3.3
[INFO] [stdout] error[E0432]: unresolved import `hash_roll::Splitter`
[INFO] [stdout]  --> benches/compare.rs:4:28
[INFO] [stdout]   |
[INFO] [stdout] 4 | use hash_roll::{ChunkIncr, Splitter};
[INFO] [stdout]   |                            ^^^^^^^^ no `Splitter` in the root
[INFO] [stdout] 
[INFO] [stdout] 
[INFO] [stdout] error[E0433]: failed to resolve: could not find `rsyncable` in `hash_roll`
[INFO] [stdout]    --> benches/compare.rs:113:32
[INFO] [stdout]     |
[INFO] [stdout] 113 |             let s = hash_roll::rsyncable::Rsyncable::default().into_vecs(d.iter().cloned());
[INFO] [stdout]     |                                ^^^^^^^^^ could not find `rsyncable` in `hash_roll`
[INFO] [stdout] 
[INFO] [stdout] 
[INFO] [stdout] error[E0433]: failed to resolve: could not find `rsyncable` in `hash_roll`
[INFO] [stdout]    --> benches/compare.rs:126:32
[INFO] [stdout]     |
[INFO] [stdout] 126 |             let s = hash_roll::rsyncable::Rsyncable::default().into_slices(&d[..]);
[INFO] [stdout]     |                                ^^^^^^^^^ could not find `rsyncable` in `hash_roll`
[INFO] [stdout] 
[INFO] [stdout] 
[INFO] [stdout] error[E0599]: no method named `split` found for struct `Zpaq` in the current scope
[INFO] [stdout]    --> benches/compare.rs:137:28
[INFO] [stdout]     |
[INFO] [stdout] 137 |             let (a, b) = z.split(c);
[INFO] [stdout]     |                            ^^^^^ method not found in `Zpaq`
[INFO] [stdout] 
[INFO] [stdout] 
[INFO] [stdout] error[E0599]: no method named `into_slices` found for struct `Zpaq` in the current scope
[INFO] [stdout]    --> benches/compare.rs:151:24
[INFO] [stdout]     |
[INFO] [stdout] 151 |         let mut zi = z.into_slices(data);
[INFO] [stdout]     |                        ^^^^^^^^^^^ method not found in `Zpaq`
[INFO] [stdout] 
[INFO] [stdout] 
[INFO] [stdout] error[E0599]: no method named `into_vecs` found for struct `Zpaq` in the current scope
[INFO] [stdout]    --> benches/compare.rs:159:24
[INFO] [stdout]     |
[INFO] [stdout] 159 |         let mut zi = z.into_vecs(data.iter().cloned());
[INFO] [stdout]     |                        ^^^^^^^^^ method not found in `Zpaq`
[INFO] [stdout] 
[INFO] [stdout] 
[INFO] [stdout] error: aborting due to 6 previous errors
[INFO] [stdout] 
[INFO] [stdout] 
[INFO] [stdout] Some errors have detailed explanations: E0432, E0433, E0599.
[INFO] [stdout] 
[INFO] [stdout] For more information about an error, try `rustc --explain E0432`.
[INFO] [stdout] 
[INFO] [stderr] error: could not compile `hash-roll`.
[INFO] [stderr] 
[INFO] [stderr] To learn more, run the command again with --verbose.
[INFO] [stderr] warning: build failed, waiting for other jobs to finish...
[INFO] [stderr] error: build failed
[INFO] running `Command { std: "docker" "inspect" "cddf593cfde6c78f7556138236411f5687fcf81f15bcf000d397a62500ca2f4f", kill_on_drop: false }`
[INFO] running `Command { std: "docker" "rm" "-f" "cddf593cfde6c78f7556138236411f5687fcf81f15bcf000d397a62500ca2f4f", kill_on_drop: false }`
[INFO] [stdout] cddf593cfde6c78f7556138236411f5687fcf81f15bcf000d397a62500ca2f4f
